CRAN Package Check Results for Package folio

Last updated on 2021-06-19 23:49:19 CEST.

Flavor Version Tinstall Tcheck Ttotal Status Flags
r-devel-linux-x86_64-debian-clang 1.0.0 1.94 22.29 24.23 OK
r-devel-linux-x86_64-debian-gcc 1.0.0 1.64 17.49 19.13 OK
r-devel-linux-x86_64-fedora-clang 1.0.0 38.53 NOTE
r-devel-linux-x86_64-fedora-gcc 1.0.0 27.96 NOTE
r-devel-windows-x86_64 1.0.0 5.00 35.00 40.00 OK
r-devel-windows-x86_64-gcc10-UCRT 1.0.0 NOTE
r-patched-linux-x86_64 1.0.0 2.32 21.07 23.39 OK
r-patched-solaris-x86 1.0.0 42.80 NOTE
r-release-linux-x86_64 1.0.0 2.10 21.58 23.68 OK
r-release-macos-arm64 1.0.0 NOTE
r-release-macos-x86_64 1.0.0 NOTE
r-release-windows-ix86+x86_64 1.0.0 5.00 25.00 30.00 OK
r-oldrel-macos-x86_64 1.0.0 NOTE
r-oldrel-windows-ix86+x86_64 1.0.0 5.00 35.00 40.00 OK

Check Details

Version: 1.0.0
Check: data for non-ASCII characters
Result: NOTE
     Note: found 41 marked UTF-8 strings
Flavors: r-devel-linux-x86_64-fedora-clang, r-devel-linux-x86_64-fedora-gcc, r-devel-windows-x86_64-gcc10-UCRT, r-patched-solaris-x86, r-release-macos-arm64, r-release-macos-x86_64, r-oldrel-macos-x86_64