CRAN Package Check Results for Package fmbasics

Last updated on 2021-06-21 10:52:33 CEST.

Flavor Version Tinstall Tcheck Ttotal Status Flags
r-devel-linux-x86_64-debian-clang 0.3.0 7.53 65.52 73.05 NOTE
r-devel-linux-x86_64-debian-gcc 0.3.0 5.57 49.32 54.89 NOTE
r-devel-linux-x86_64-fedora-clang 0.3.0 92.00 NOTE
r-devel-linux-x86_64-fedora-gcc 0.3.0 83.52 NOTE
r-devel-windows-x86_64 0.3.0 10.00 65.00 75.00 NOTE
r-devel-windows-x86_64-gcc10-UCRT 0.3.0 NOTE
r-patched-linux-x86_64 0.3.0 11.23 61.06 72.29 NOTE
r-patched-solaris-x86 0.3.0 115.90 NOTE
r-release-linux-x86_64 0.3.0 6.50 62.60 69.10 NOTE
r-release-macos-arm64 0.3.0 NOTE
r-release-macos-x86_64 0.3.0 NOTE
r-release-windows-ix86+x86_64 0.3.0 16.00 89.00 105.00 NOTE
r-oldrel-macos-x86_64 0.3.0 OK

Check Details

Version: 0.3.0
Check: LazyData
Result: NOTE
     'LazyData' is specified without a 'data' directory
Flavors: r-devel-linux-x86_64-debian-clang, r-devel-linux-x86_64-debian-gcc, r-devel-linux-x86_64-fedora-clang, r-devel-linux-x86_64-fedora-gcc, r-devel-windows-x86_64, r-devel-windows-x86_64-gcc10-UCRT, r-patched-linux-x86_64, r-patched-solaris-x86, r-release-linux-x86_64, r-release-macos-arm64, r-release-macos-x86_64, r-release-windows-ix86+x86_64

Version: 0.3.0
Check: package dependencies
Result: NOTE
    Package suggested but not available for checking: 'covr'
Flavor: r-devel-windows-x86_64-gcc10-UCRT