CRAN Package Check Results for Package flextable

Last updated on 2021-07-27 10:51:09 CEST.

Flavor Version Tinstall Tcheck Ttotal Status Flags
r-devel-linux-x86_64-debian-clang 0.6.7 15.05 150.68 165.73 OK
r-devel-linux-x86_64-debian-gcc 0.6.7 8.97 108.22 117.19 OK
r-devel-linux-x86_64-fedora-clang 0.6.7 196.29 OK
r-devel-linux-x86_64-fedora-gcc 0.6.7 181.77 OK
r-devel-windows-x86_64 0.6.7 12.00 141.00 153.00 OK
r-devel-windows-x86_64-gcc10-UCRT 0.6.6 OK
r-patched-linux-x86_64 0.6.7 17.56 138.46 156.02 OK
r-patched-solaris-x86 0.6.7 217.20 OK
r-release-linux-x86_64 0.6.7 10.02 138.16 148.18 OK
r-release-macos-arm64 0.6.7 ERROR
r-release-macos-x86_64 0.6.7 OK
r-release-windows-ix86+x86_64 0.6.7 19.00 162.00 181.00 OK
r-oldrel-macos-x86_64 0.6.7 OK
r-oldrel-windows-ix86+x86_64 0.6.6 19.00 194.00 213.00 OK

Check Details

Version: 0.6.7
Check: package dependencies
Result: ERROR
    Package required and available but unsuitable version: ‘officer’
    
    See section ‘The DESCRIPTION file’ in the ‘Writing R Extensions’
    manual.
Flavor: r-release-macos-arm64