CRAN Package Check Results for Package fdcov

Last updated on 2021-06-22 23:50:31 CEST.

Flavor Version Tinstall Tcheck Ttotal Status Flags
r-devel-linux-x86_64-debian-clang 1.1.0 3.56 694.72 698.28 NOTE
r-devel-linux-x86_64-debian-gcc 1.1.0 2.77 582.39 585.16 NOTE
r-devel-linux-x86_64-fedora-clang 1.1.0 856.38 NOTE
r-devel-linux-x86_64-fedora-gcc 1.1.0 866.93 NOTE
r-devel-windows-x86_64 1.1.0 6.00 715.00 721.00 NOTE
r-devel-windows-x86_64-gcc10-UCRT 1.1.0 NOTE
r-patched-linux-x86_64 1.1.0 4.09 693.57 697.66 NOTE
r-patched-solaris-x86 1.1.0 1493.50 NOTE
r-release-linux-x86_64 1.1.0 3.06 700.28 703.34 NOTE
r-release-macos-arm64 1.1.0 NOTE
r-release-macos-x86_64 1.1.0 NOTE
r-release-windows-ix86+x86_64 1.1.0 7.00 793.00 800.00 NOTE
r-oldrel-macos-x86_64 1.1.0 OK

Check Details

Version: 1.1.0
Check: LazyData
Result: NOTE
     'LazyData' is specified without a 'data' directory
Flavors: r-devel-linux-x86_64-debian-clang, r-devel-linux-x86_64-debian-gcc, r-devel-linux-x86_64-fedora-clang, r-devel-linux-x86_64-fedora-gcc, r-devel-windows-x86_64, r-devel-windows-x86_64-gcc10-UCRT, r-patched-linux-x86_64, r-patched-solaris-x86, r-release-linux-x86_64, r-release-macos-arm64, r-release-macos-x86_64, r-release-windows-ix86+x86_64