CRAN Package Check Results for Package fdapace

Last updated on 2021-06-16 10:52:17 CEST.

Flavor Version Tinstall Tcheck Ttotal Status Flags
r-devel-linux-x86_64-debian-clang 0.5.7 327.03 285.37 612.40 OK
r-devel-linux-x86_64-debian-gcc 0.5.7 215.54 214.75 430.29 OK
r-devel-linux-x86_64-fedora-clang 0.5.7 861.65 NOTE
r-devel-linux-x86_64-fedora-gcc 0.5.7 762.40 OK
r-devel-windows-x86_64 0.5.7 355.00 336.00 691.00 OK
r-devel-windows-x86_64-gcc10-UCRT 0.5.7 OK
r-patched-linux-x86_64 0.5.7 255.30 283.65 538.95 OK
r-patched-solaris-x86 0.5.7 737.20 OK
r-release-linux-x86_64 0.5.7 249.28 285.78 535.06 OK
r-release-macos-arm64 0.5.7 NOTE
r-release-macos-x86_64 0.5.7 NOTE
r-release-windows-ix86+x86_64 0.5.7 649.00 434.00 1083.00 OK
r-oldrel-macos-x86_64 0.5.7 NOTE
r-oldrel-windows-ix86+x86_64 0.5.7 651.00 472.00 1123.00 OK

Check Details

Version: 0.5.7
Check: installed package size
Result: NOTE
     installed size is 43.8Mb
     sub-directories of 1Mb or more:
     libs 42.2Mb
Flavors: r-devel-linux-x86_64-fedora-clang, r-release-macos-arm64, r-release-macos-x86_64, r-oldrel-macos-x86_64