CRAN Package Check Results for Package fclust

Last updated on 2021-06-24 10:52:22 CEST.

Flavor Version Tinstall Tcheck Ttotal Status Flags
r-devel-linux-x86_64-debian-clang 2.1.1 162.86 76.98 239.84 OK
r-devel-linux-x86_64-debian-gcc 2.1.1 106.21 56.64 162.85 OK
r-devel-linux-x86_64-fedora-clang 2.1.1 342.26 NOTE
r-devel-linux-x86_64-fedora-gcc 2.1.1 301.42 OK
r-devel-windows-x86_64 2.1.1 184.00 96.00 280.00 OK
r-devel-windows-x86_64-gcc10-UCRT 2.1.1 OK
r-patched-linux-x86_64 2.1.1 121.71 74.37 196.08 OK
r-patched-solaris-x86 2.1.1 276.60 OK
r-release-linux-x86_64 2.1.1 127.77 73.93 201.70 OK
r-release-macos-arm64 2.1.1 NOTE
r-release-macos-x86_64 2.1.1 NOTE
r-release-windows-ix86+x86_64 2.1.1 349.00 132.00 481.00 OK
r-oldrel-macos-x86_64 2.1.1 NOTE

Check Details

Version: 2.1.1
Check: installed package size
Result: NOTE
     installed size is 9.5Mb
     sub-directories of 1Mb or more:
     libs 8.9Mb
Flavors: r-devel-linux-x86_64-fedora-clang, r-release-macos-arm64, r-release-macos-x86_64, r-oldrel-macos-x86_64