CRAN Package Check Results for Package extraterrestrial

Last updated on 2021-06-21 10:52:32 CEST.

Flavor Version Tinstall Tcheck Ttotal Status Flags
r-devel-linux-x86_64-debian-clang 0.1.0 1.84 20.70 22.54 NOTE
r-devel-linux-x86_64-debian-gcc 0.1.0 1.39 16.55 17.94 NOTE
r-devel-linux-x86_64-fedora-clang 0.1.0 36.79 NOTE
r-devel-linux-x86_64-fedora-gcc 0.1.0 26.44 NOTE
r-devel-windows-x86_64 0.1.0 3.00 32.00 35.00 NOTE
r-devel-windows-x86_64-gcc10-UCRT 0.1.0 NOTE
r-patched-linux-x86_64 0.1.0 1.56 20.23 21.79 NOTE
r-patched-solaris-x86 0.1.0 40.70 NOTE
r-release-linux-x86_64 0.1.0 1.52 20.41 21.93 NOTE
r-release-macos-arm64 0.1.0 NOTE
r-release-macos-x86_64 0.1.0 NOTE
r-release-windows-ix86+x86_64 0.1.0 4.00 25.00 29.00 NOTE
r-oldrel-macos-x86_64 0.1.0 OK
r-oldrel-windows-ix86+x86_64 0.1.0 4.00 27.00 31.00 OK

Check Details

Version: 0.1.0
Check: LazyData
Result: NOTE
     'LazyData' is specified without a 'data' directory
Flavors: r-devel-linux-x86_64-debian-clang, r-devel-linux-x86_64-debian-gcc, r-devel-linux-x86_64-fedora-clang, r-devel-linux-x86_64-fedora-gcc, r-devel-windows-x86_64, r-devel-windows-x86_64-gcc10-UCRT, r-patched-linux-x86_64, r-patched-solaris-x86, r-release-linux-x86_64, r-release-macos-arm64, r-release-macos-x86_64, r-release-windows-ix86+x86_64