CRAN Package Check Results for Package extraoperators

Last updated on 2021-06-20 23:49:42 CEST.

Flavor Version Tinstall Tcheck Ttotal Status Flags
r-devel-linux-x86_64-debian-clang 0.1.1 2.32 27.16 29.48 NOTE
r-devel-linux-x86_64-debian-gcc 0.1.1 1.76 21.41 23.17 NOTE
r-devel-linux-x86_64-fedora-clang 0.1.1 44.96 NOTE
r-devel-linux-x86_64-fedora-gcc 0.1.1 35.49 NOTE
r-devel-windows-x86_64 0.1.1 4.00 34.00 38.00 NOTE
r-devel-windows-x86_64-gcc10-UCRT 0.1.1 NOTE
r-patched-linux-x86_64 0.1.1 2.36 26.24 28.60 NOTE
r-patched-solaris-x86 0.1.1 51.60 NOTE
r-release-linux-x86_64 0.1.1 2.45 26.75 29.20 NOTE
r-release-macos-arm64 0.1.1 NOTE
r-release-macos-x86_64 0.1.1 NOTE
r-release-windows-ix86+x86_64 0.1.1 5.00 43.00 48.00 NOTE
r-oldrel-macos-x86_64 0.1.1 OK

Check Details

Version: 0.1.1
Check: LazyData
Result: NOTE
     'LazyData' is specified without a 'data' directory
Flavors: r-devel-linux-x86_64-debian-clang, r-devel-linux-x86_64-debian-gcc, r-devel-linux-x86_64-fedora-clang, r-devel-linux-x86_64-fedora-gcc, r-devel-windows-x86_64, r-devel-windows-x86_64-gcc10-UCRT, r-patched-linux-x86_64, r-patched-solaris-x86, r-release-linux-x86_64, r-release-macos-arm64, r-release-macos-x86_64, r-release-windows-ix86+x86_64

Version: 0.1.1
Check: package dependencies
Result: NOTE
    Package suggested but not available for checking: 'covr'
Flavor: r-devel-windows-x86_64-gcc10-UCRT