CRAN Package Check Results for Package exp2flux

Last updated on 2021-06-19 10:52:00 CEST.

Flavor Version Tinstall Tcheck Ttotal Status Flags
r-devel-linux-x86_64-debian-clang 0.1 23.86 214.86 238.72 NOTE
r-devel-linux-x86_64-debian-gcc 0.1 20.69 160.82 181.51 NOTE
r-devel-linux-x86_64-fedora-clang 0.1 307.37 NOTE
r-devel-linux-x86_64-fedora-gcc 0.1 282.04 NOTE
r-devel-windows-x86_64 0.1 37.00 195.00 232.00 NOTE
r-devel-windows-x86_64-gcc10-UCRT 0.1 NOTE
r-patched-linux-x86_64 0.1 24.92 200.90 225.82 NOTE
r-patched-solaris-x86 0.1 428.20 NOTE
r-release-linux-x86_64 0.1 24.54 201.33 225.87 NOTE
r-release-macos-arm64 0.1 ERROR
r-release-macos-x86_64 0.1 ERROR
r-release-windows-ix86+x86_64 0.1 57.00 166.00 223.00 NOTE
r-oldrel-macos-x86_64 0.1 ERROR
r-oldrel-windows-ix86+x86_64 0.1 36.00 219.00 255.00 OK

Check Details

Version: 0.1
Check: LazyData
Result: NOTE
     'LazyData' is specified without a 'data' directory
Flavors: r-devel-linux-x86_64-debian-clang, r-devel-linux-x86_64-debian-gcc, r-devel-linux-x86_64-fedora-clang, r-devel-linux-x86_64-fedora-gcc, r-devel-windows-x86_64, r-devel-windows-x86_64-gcc10-UCRT, r-patched-linux-x86_64, r-patched-solaris-x86, r-release-linux-x86_64, r-release-windows-ix86+x86_64

Version: 0.1
Check: package dependencies
Result: ERROR
    Package required but not available: ‘gage’
    
    See section ‘The DESCRIPTION file’ in the ‘Writing R Extensions’
    manual.
Flavors: r-release-macos-arm64, r-release-macos-x86_64, r-oldrel-macos-x86_64