CRAN Package Check Results for Package evobiR

Last updated on 2021-05-11 23:50:40 CEST.

Flavor Version Tinstall Tcheck Ttotal Status Flags
r-devel-linux-x86_64-debian-clang 1.1 12.60 97.83 110.43 NOTE
r-devel-linux-x86_64-debian-gcc 1.1 9.03 74.99 84.02 NOTE
r-devel-linux-x86_64-fedora-clang 1.1 140.07 NOTE
r-devel-linux-x86_64-fedora-gcc 1.1 133.48 NOTE
r-devel-windows-ix86+x86_64 1.1 20.00 124.00 144.00 OK
r-devel-windows-x86_64-gcc10-UCRT 1.1 OK
r-patched-linux-x86_64 1.1 10.30 95.04 105.34 NOTE
r-patched-solaris-x86 1.1 190.20 NOTE
r-release-linux-x86_64 1.1 10.89 92.51 103.40 NOTE
r-release-macos-x86_64 1.1 OK
r-release-windows-ix86+x86_64 1.1 18.00 88.00 106.00 OK
r-oldrel-macos-x86_64 1.1 OK

Check Details

Version: 1.1
Check: for non-standard things in the check directory
Result: NOTE
    Found the following files/directories:
     'sample .nwk'
Flavors: r-devel-linux-x86_64-debian-clang, r-devel-linux-x86_64-debian-gcc, r-devel-linux-x86_64-fedora-clang, r-devel-linux-x86_64-fedora-gcc, r-patched-linux-x86_64, r-patched-solaris-x86, r-release-linux-x86_64