CRAN Package Check Results for Package etrunct

Last updated on 2021-06-21 10:52:32 CEST.

Flavor Version Tinstall Tcheck Ttotal Status Flags
r-devel-linux-x86_64-debian-clang 0.1 1.79 21.57 23.36 NOTE
r-devel-linux-x86_64-debian-gcc 0.1 1.41 17.28 18.69 NOTE
r-devel-linux-x86_64-fedora-clang 0.1 37.73 NOTE
r-devel-linux-x86_64-fedora-gcc 0.1 27.46 NOTE
r-devel-windows-x86_64 0.1 3.00 33.00 36.00 NOTE
r-devel-windows-x86_64-gcc10-UCRT 0.1 NOTE
r-patched-linux-x86_64 0.1 1.55 20.93 22.48 NOTE
r-patched-solaris-x86 0.1 44.00 NOTE
r-release-linux-x86_64 0.1 1.70 21.41 23.11 NOTE
r-release-macos-arm64 0.1 NOTE
r-release-macos-x86_64 0.1 NOTE
r-release-windows-ix86+x86_64 0.1 4.00 36.00 40.00 NOTE
r-oldrel-macos-x86_64 0.1 OK

Check Details

Version: 0.1
Check: LazyData
Result: NOTE
     'LazyData' is specified without a 'data' directory
Flavors: r-devel-linux-x86_64-debian-clang, r-devel-linux-x86_64-debian-gcc, r-devel-linux-x86_64-fedora-clang, r-devel-linux-x86_64-fedora-gcc, r-devel-windows-x86_64, r-devel-windows-x86_64-gcc10-UCRT, r-patched-linux-x86_64, r-patched-solaris-x86, r-release-linux-x86_64, r-release-macos-arm64, r-release-macos-x86_64, r-release-windows-ix86+x86_64