CRAN Package Check Results for Package esreg

Last updated on 2021-06-14 10:51:47 CEST.

Flavor Version Tinstall Tcheck Ttotal Status Flags
r-devel-linux-x86_64-debian-clang 0.5.0 59.60 37.96 97.56 NOTE
r-devel-linux-x86_64-debian-gcc 0.5.0 41.92 29.65 71.57 NOTE
r-devel-linux-x86_64-fedora-clang 0.5.0 153.33 NOTE
r-devel-linux-x86_64-fedora-gcc 0.5.0 129.43 NOTE
r-devel-windows-x86_64 0.5.0 77.00 93.00 170.00 NOTE
r-devel-windows-x86_64-gcc10-UCRT 0.5.0 NOTE
r-patched-linux-x86_64 0.5.0 50.66 37.54 88.20 NOTE
r-patched-solaris-x86 0.5.0 138.30 NOTE
r-release-linux-x86_64 0.5.0 54.24 36.71 90.95 NOTE
r-release-macos-arm64 0.5.0 NOTE
r-release-macos-x86_64 0.5.0 NOTE
r-release-windows-ix86+x86_64 0.5.0 110.00 85.00 195.00 NOTE
r-oldrel-macos-x86_64 0.5.0 OK
r-oldrel-windows-ix86+x86_64 0.5.0 106.00 96.00 202.00 OK

Check Details

Version: 0.5.0
Check: LazyData
Result: NOTE
     'LazyData' is specified without a 'data' directory
Flavors: r-devel-linux-x86_64-debian-clang, r-devel-linux-x86_64-debian-gcc, r-devel-linux-x86_64-fedora-clang, r-devel-linux-x86_64-fedora-gcc, r-devel-windows-x86_64, r-devel-windows-x86_64-gcc10-UCRT, r-patched-linux-x86_64, r-patched-solaris-x86, r-release-linux-x86_64, r-release-macos-arm64, r-release-macos-x86_64, r-release-windows-ix86+x86_64