CRAN Package Check Results for Package entrymodels

Last updated on 2021-06-17 23:49:22 CEST.

Flavor Version Tinstall Tcheck Ttotal Status Flags
r-devel-linux-x86_64-debian-clang 0.2.1 4.47 49.60 54.07 NOTE
r-devel-linux-x86_64-debian-gcc 0.2.1 3.33 35.95 39.28 NOTE
r-devel-linux-x86_64-fedora-clang 0.2.1 72.87 NOTE
r-devel-linux-x86_64-fedora-gcc 0.2.1 58.26 NOTE
r-devel-windows-x86_64 0.2.1 9.00 66.00 75.00 NOTE
r-devel-windows-x86_64-gcc10-UCRT 0.2.1 NOTE
r-patched-linux-x86_64 0.2.1 4.61 45.34 49.95 NOTE
r-patched-solaris-x86 0.2.1 83.10 NOTE
r-release-linux-x86_64 0.2.1 4.37 45.43 49.80 NOTE
r-release-macos-arm64 0.2.1 NOTE
r-release-macos-x86_64 0.2.1 NOTE
r-release-windows-ix86+x86_64 0.2.1 11.00 64.00 75.00 NOTE
r-oldrel-macos-x86_64 0.2.1 OK
r-oldrel-windows-ix86+x86_64 0.2.1 8.00 69.00 77.00 OK

Check Details

Version: 0.2.1
Check: LazyData
Result: NOTE
     'LazyData' is specified without a 'data' directory
Flavors: r-devel-linux-x86_64-debian-clang, r-devel-linux-x86_64-debian-gcc, r-devel-linux-x86_64-fedora-clang, r-devel-linux-x86_64-fedora-gcc, r-devel-windows-x86_64, r-devel-windows-x86_64-gcc10-UCRT, r-patched-linux-x86_64, r-patched-solaris-x86, r-release-linux-x86_64, r-release-macos-arm64, r-release-macos-x86_64, r-release-windows-ix86+x86_64