CRAN Package Check Results for Package emdbook

Last updated on 2021-07-31 10:52:12 CEST.

Flavor Version Tinstall Tcheck Ttotal Status Flags
r-devel-linux-x86_64-debian-clang 1.3.12 10.69 89.61 100.30 OK
r-devel-linux-x86_64-debian-gcc 1.3.12 7.89 67.42 75.31 OK
r-devel-linux-x86_64-fedora-clang 1.3.12 126.52 NOTE
r-devel-linux-x86_64-fedora-gcc 1.3.12 115.31 OK
r-devel-windows-x86_64 1.3.12 10.00 108.00 118.00 OK
r-devel-windows-x86_64-gcc10-UCRT 1.3.12 OK
r-patched-linux-x86_64 1.3.12 OK
r-patched-solaris-x86 1.3.12 168.50 OK
r-release-linux-x86_64 1.3.12 8.92 86.25 95.17 OK
r-release-macos-arm64 1.3.12 NOTE
r-release-macos-x86_64 1.3.12 OK
r-release-windows-ix86+x86_64 1.3.12 24.00 87.00 111.00 OK
r-oldrel-macos-x86_64 1.3.12 OK
r-oldrel-windows-ix86+x86_64 1.3.12 17.00 107.00 124.00 OK

Check Details

Version: 1.3.12
Check: Rd cross-references
Result: NOTE
    Undeclared package ‘mvtnorm’ in Rd xrefs
Flavor: r-devel-linux-x86_64-fedora-clang

Version: 1.3.12
Check: package dependencies
Result: NOTE
    Package suggested but not available for checking: ‘R2jags’
Flavor: r-release-macos-arm64