CRAN Package Check Results for Package elasso

Last updated on 2021-06-21 10:52:31 CEST.

Flavor Version Tinstall Tcheck Ttotal Status Flags
r-devel-linux-x86_64-debian-clang 1.1 6.37 63.03 69.40 NOTE
r-devel-linux-x86_64-debian-gcc 1.1 5.99 48.48 54.47 NOTE
r-devel-linux-x86_64-fedora-clang 1.1 92.41 NOTE
r-devel-linux-x86_64-fedora-gcc 1.1 82.63 NOTE
r-devel-windows-x86_64 1.1 10.00 75.00 85.00 NOTE
r-devel-windows-x86_64-gcc10-UCRT 1.1 NOTE
r-patched-linux-x86_64 1.1 5.77 60.77 66.54 NOTE
r-patched-solaris-x86 1.1 125.30 NOTE
r-release-linux-x86_64 1.1 5.25 61.22 66.47 NOTE
r-release-macos-arm64 1.1 NOTE
r-release-macos-x86_64 1.1 NOTE
r-release-windows-ix86+x86_64 1.1 15.00 81.00 96.00 NOTE
r-oldrel-macos-x86_64 1.1 OK
r-oldrel-windows-ix86+x86_64 1.1 12.00 0.00 12.00 OK

Check Details

Version: 1.1
Check: LazyData
Result: NOTE
     'LazyData' is specified without a 'data' directory
Flavors: r-devel-linux-x86_64-debian-clang, r-devel-linux-x86_64-debian-gcc, r-devel-linux-x86_64-fedora-clang, r-devel-linux-x86_64-fedora-gcc, r-devel-windows-x86_64, r-devel-windows-x86_64-gcc10-UCRT, r-patched-linux-x86_64, r-patched-solaris-x86, r-release-linux-x86_64, r-release-macos-arm64, r-release-macos-x86_64, r-release-windows-ix86+x86_64