CRAN Package Check Results for Package eatTools

Last updated on 2021-05-12 10:51:37 CEST.

Flavor Version Tinstall Tcheck Ttotal Status Flags
r-devel-linux-x86_64-debian-clang 0.5.0 3.15 35.29 38.44 NOTE
r-devel-linux-x86_64-debian-gcc 0.5.0 2.64 26.75 29.39 NOTE
r-devel-linux-x86_64-fedora-clang 0.5.0 57.20 NOTE
r-devel-linux-x86_64-fedora-gcc 0.5.0 44.25 NOTE
r-devel-windows-ix86+x86_64 0.5.0 6.00 53.00 59.00 NOTE
r-devel-windows-x86_64-gcc10-UCRT 0.5.0 NOTE
r-patched-linux-x86_64 0.5.0 3.33 33.16 36.49 NOTE
r-patched-solaris-x86 0.5.0 65.30 NOTE
r-release-linux-x86_64 0.5.0 3.30 32.89 36.19 OK
r-release-macos-x86_64 0.5.0 OK
r-release-windows-ix86+x86_64 0.5.0 5.00 41.00 46.00 OK
r-oldrel-macos-x86_64 0.5.0 OK
r-oldrel-windows-ix86+x86_64 0.5.0 5.00 46.00 51.00 OK

Check Details

Version: 0.5.0
Check: LazyData
Result: NOTE
     'LazyData' is specified without a 'data' directory
Flavors: r-devel-linux-x86_64-debian-clang, r-devel-linux-x86_64-debian-gcc, r-devel-linux-x86_64-fedora-clang, r-devel-linux-x86_64-fedora-gcc, r-devel-windows-ix86+x86_64, r-devel-windows-x86_64-gcc10-UCRT, r-patched-linux-x86_64, r-patched-solaris-x86

Version: 0.5.0
Check: Rd cross-references
Result: NOTE
    Undeclared packages ‘car’, ‘reshape2’, ‘Hmisc’ in Rd xrefs
Flavor: r-devel-linux-x86_64-fedora-clang