CRAN Package Check Results for Package easyPSID

Last updated on 2021-06-19 10:51:59 CEST.

Flavor Version Tinstall Tcheck Ttotal Status Flags
r-devel-linux-x86_64-debian-clang 0.1.1 4.27 40.55 44.82 NOTE
r-devel-linux-x86_64-debian-gcc 0.1.1 3.98 31.91 35.89 NOTE
r-devel-linux-x86_64-fedora-clang 0.1.1 63.70 NOTE
r-devel-linux-x86_64-fedora-gcc 0.1.1 52.40 NOTE
r-devel-windows-x86_64 0.1.1 8.00 48.00 56.00 NOTE
r-devel-windows-x86_64-gcc10-UCRT 0.1.1 NOTE
r-patched-linux-x86_64 0.1.1 4.46 39.07 43.53 NOTE
r-patched-solaris-x86 0.1.1 94.80 NOTE
r-release-linux-x86_64 0.1.1 4.13 40.57 44.70 NOTE
r-release-macos-arm64 0.1.1 NOTE
r-release-macos-x86_64 0.1.1 NOTE
r-release-windows-ix86+x86_64 0.1.1 11.00 60.00 71.00 NOTE
r-oldrel-macos-x86_64 0.1.1 OK
r-oldrel-windows-ix86+x86_64 0.1.1 7.00 59.00 66.00 OK

Check Details

Version: 0.1.1
Check: LazyData
Result: NOTE
     'LazyData' is specified without a 'data' directory
Flavors: r-devel-linux-x86_64-debian-clang, r-devel-linux-x86_64-debian-gcc, r-devel-linux-x86_64-fedora-clang, r-devel-linux-x86_64-fedora-gcc, r-devel-windows-x86_64, r-devel-windows-x86_64-gcc10-UCRT, r-patched-linux-x86_64, r-patched-solaris-x86, r-release-linux-x86_64, r-release-macos-arm64, r-release-macos-x86_64, r-release-windows-ix86+x86_64