CRAN Package Check Results for Package dttr2

Last updated on 2021-06-22 23:50:30 CEST.

Flavor Version Tinstall Tcheck Ttotal Status Flags
r-devel-linux-x86_64-debian-clang 0.3.0 5.01 46.09 51.10 NOTE
r-devel-linux-x86_64-debian-gcc 0.3.0 3.53 35.42 38.95 NOTE
r-devel-linux-x86_64-fedora-clang 0.3.0 69.19 NOTE
r-devel-linux-x86_64-fedora-gcc 0.3.0 59.67 NOTE
r-devel-windows-x86_64 0.3.0 7.00 63.00 70.00 NOTE
r-devel-windows-x86_64-gcc10-UCRT 0.3.0 NOTE
r-patched-linux-x86_64 0.3.0 5.46 44.29 49.75 NOTE
r-patched-solaris-x86 0.3.0 85.20 NOTE
r-release-linux-x86_64 0.3.0 5.15 45.79 50.94 NOTE
r-release-macos-arm64 0.3.0 NOTE
r-release-macos-x86_64 0.3.0 NOTE
r-release-windows-ix86+x86_64 0.3.0 6.00 51.00 57.00 NOTE
r-oldrel-macos-x86_64 0.3.0 OK

Check Details

Version: 0.3.0
Check: LazyData
Result: NOTE
     'LazyData' is specified without a 'data' directory
Flavors: r-devel-linux-x86_64-debian-clang, r-devel-linux-x86_64-debian-gcc, r-devel-linux-x86_64-fedora-clang, r-devel-linux-x86_64-fedora-gcc, r-devel-windows-x86_64, r-devel-windows-x86_64-gcc10-UCRT, r-patched-linux-x86_64, r-patched-solaris-x86, r-release-linux-x86_64, r-release-macos-arm64, r-release-macos-x86_64, r-release-windows-ix86+x86_64

Version: 0.3.0
Check: package dependencies
Result: NOTE
    Package suggested but not available for checking: 'covr'
Flavor: r-devel-windows-x86_64-gcc10-UCRT