CRAN Package Check Results for Package dplyr

Last updated on 2021-05-17 10:50:08 CEST.

Flavor Version Tinstall Tcheck Ttotal Status Flags
r-devel-linux-x86_64-debian-clang 1.0.6 20.26 200.39 220.65 OK
r-devel-linux-x86_64-debian-gcc 1.0.6 15.14 147.34 162.48 OK
r-devel-linux-x86_64-fedora-clang 1.0.6 277.13 NOTE
r-devel-linux-x86_64-fedora-gcc 1.0.6 251.56 NOTE
r-devel-windows-ix86+x86_64 1.0.6 44.00 331.00 375.00 OK
r-devel-windows-x86_64-gcc10-UCRT 1.0.6 NOTE
r-patched-linux-x86_64 1.0.6 21.02 188.00 209.02 OK
r-patched-solaris-x86 1.0.6 309.80 NOTE
r-release-linux-x86_64 1.0.6 17.52 188.70 206.22 OK
r-release-macos-x86_64 1.0.6 NOTE
r-release-windows-ix86+x86_64 1.0.6 32.00 281.00 313.00 OK
r-oldrel-macos-x86_64 1.0.6 NOTE
r-oldrel-windows-ix86+x86_64 1.0.6 33.00 236.00 269.00 OK

Check Details

Version: 1.0.6
Check: data for non-ASCII characters
Result: NOTE
     Note: found 4 marked UTF-8 strings
Flavors: r-devel-linux-x86_64-fedora-clang, r-devel-linux-x86_64-fedora-gcc, r-devel-windows-x86_64-gcc10-UCRT, r-patched-solaris-x86, r-release-macos-x86_64, r-oldrel-macos-x86_64