CRAN Package Check Results for Package dockerfiler

Last updated on 2021-06-20 23:49:41 CEST.

Flavor Version Tinstall Tcheck Ttotal Status Flags
r-devel-linux-x86_64-debian-clang 0.1.3 3.69 28.11 31.80 NOTE
r-devel-linux-x86_64-debian-gcc 0.1.3 2.61 22.38 24.99 NOTE
r-devel-linux-x86_64-fedora-clang 0.1.3 47.58 NOTE
r-devel-linux-x86_64-fedora-gcc 0.1.3 37.54 NOTE
r-devel-windows-x86_64 0.1.3 7.00 43.00 50.00 NOTE
r-devel-windows-x86_64-gcc10-UCRT 0.1.3 NOTE
r-patched-linux-x86_64 0.1.3 3.78 27.29 31.07 NOTE
r-patched-solaris-x86 0.1.3 59.30 NOTE
r-release-linux-x86_64 0.1.3 3.08 27.54 30.62 NOTE
r-release-macos-arm64 0.1.3 NOTE
r-release-macos-x86_64 0.1.3 NOTE
r-release-windows-ix86+x86_64 0.1.3 7.00 43.00 50.00 NOTE
r-oldrel-macos-x86_64 0.1.3 OK

Check Details

Version: 0.1.3
Check: LazyData
Result: NOTE
     'LazyData' is specified without a 'data' directory
Flavors: r-devel-linux-x86_64-debian-clang, r-devel-linux-x86_64-debian-gcc, r-devel-linux-x86_64-fedora-clang, r-devel-linux-x86_64-fedora-gcc, r-devel-windows-x86_64, r-devel-windows-x86_64-gcc10-UCRT, r-patched-linux-x86_64, r-patched-solaris-x86, r-release-linux-x86_64, r-release-macos-arm64, r-release-macos-x86_64, r-release-windows-ix86+x86_64

Version: 0.1.3
Check: package dependencies
Result: NOTE
    Package suggested but not available for checking: 'covr'
Flavor: r-devel-windows-x86_64-gcc10-UCRT