CRAN Package Check Results for Package distrEx

Last updated on 2021-06-13 23:49:04 CEST.

Flavor Version Tinstall Tcheck Ttotal Status Flags
r-devel-linux-x86_64-debian-clang 2.8.0 33.50 97.39 130.89 OK
r-devel-linux-x86_64-debian-gcc 2.8.0 26.47 73.26 99.73 OK
r-devel-linux-x86_64-fedora-clang 2.8.0 166.68 NOTE
r-devel-linux-x86_64-fedora-gcc 2.8.0 155.55 OK
r-devel-windows-x86_64 2.8.0 54.00 127.00 181.00 OK
r-devel-windows-x86_64-gcc10-UCRT 2.8.0 OK
r-patched-linux-x86_64 2.8.0 37.44 93.91 131.35 OK
r-patched-solaris-x86 2.8.0 207.10 OK
r-release-linux-x86_64 2.8.0 28.39 93.27 121.66 OK
r-release-macos-arm64 2.8.0 OK
r-release-macos-x86_64 2.8.0 OK
r-release-windows-ix86+x86_64 2.8.0 43.00 166.00 209.00 OK
r-oldrel-macos-x86_64 2.8.0 OK
r-oldrel-windows-ix86+x86_64 2.8.0 41.00 151.00 192.00 OK

Check Details

Version: 2.8.0
Check: Rd cross-references
Result: NOTE
    Undeclared package ‘robustbase’ in Rd xrefs
Flavor: r-devel-linux-x86_64-fedora-clang