CRAN Package Check Results for Package discreteMTP

Last updated on 2021-06-21 10:52:30 CEST.

Flavor Version Tinstall Tcheck Ttotal Status Flags
r-devel-linux-x86_64-debian-clang 0.1-2 1.90 26.03 27.93 NOTE
r-devel-linux-x86_64-debian-gcc 0.1-2 1.56 20.45 22.01 NOTE
r-devel-linux-x86_64-fedora-clang 0.1-2 43.31 NOTE
r-devel-linux-x86_64-fedora-gcc 0.1-2 32.72 NOTE
r-devel-windows-x86_64 0.1-2 3.00 36.00 39.00 NOTE
r-devel-windows-x86_64-gcc10-UCRT 0.1-2 NOTE
r-patched-linux-x86_64 0.1-2 1.83 25.42 27.25 NOTE
r-patched-solaris-x86 0.1-2 53.90 NOTE
r-release-linux-x86_64 0.1-2 1.63 25.18 26.81 NOTE
r-release-macos-arm64 0.1-2 NOTE
r-release-macos-x86_64 0.1-2 NOTE
r-release-windows-ix86+x86_64 0.1-2 4.00 30.00 34.00 NOTE
r-oldrel-macos-x86_64 0.1-2 NOTE
r-oldrel-windows-ix86+x86_64 0.1-2 3.00 28.00 31.00 NOTE

Check Details

Version: 0.1-2
Check: R code for possible problems
Result: NOTE
    p.discrete.adjust : <anonymous>: no visible global function definition
     for 'stepfun'
    Undefined global functions or variables:
     stepfun
    Consider adding
     importFrom("stats", "stepfun")
    to your NAMESPACE file.
Flavors: r-devel-linux-x86_64-debian-clang, r-devel-linux-x86_64-debian-gcc, r-devel-linux-x86_64-fedora-clang, r-devel-linux-x86_64-fedora-gcc, r-devel-windows-x86_64, r-devel-windows-x86_64-gcc10-UCRT, r-patched-linux-x86_64, r-patched-solaris-x86, r-release-linux-x86_64, r-release-macos-arm64, r-release-macos-x86_64, r-release-windows-ix86+x86_64, r-oldrel-macos-x86_64, r-oldrel-windows-ix86+x86_64