CRAN Package Check Results for Package dirmult

Last updated on 2021-06-22 23:50:30 CEST.

Flavor Version Tinstall Tcheck Ttotal Status Flags
r-devel-linux-x86_64-debian-clang 0.1.3-4 3.05 28.70 31.75 NOTE
r-devel-linux-x86_64-debian-gcc 0.1.3-4 2.33 22.53 24.86 NOTE
r-devel-linux-x86_64-fedora-clang 0.1.3-4 47.42 NOTE
r-devel-linux-x86_64-fedora-gcc 0.1.3-4 37.35 NOTE
r-devel-windows-x86_64 0.1.3-4 5.00 40.00 45.00 NOTE
r-devel-windows-x86_64-gcc10-UCRT 0.1.3-4 NOTE
r-patched-linux-x86_64 0.1.3-4 3.17 28.09 31.26 NOTE
r-patched-solaris-x86 0.1.3-4 54.20 NOTE
r-release-linux-x86_64 0.1.3-4 2.71 28.37 31.08 NOTE
r-release-macos-arm64 0.1.3-4 NOTE
r-release-macos-x86_64 0.1.3-4 NOTE
r-release-windows-ix86+x86_64 0.1.3-4 4.00 34.00 38.00 NOTE
r-oldrel-macos-x86_64 0.1.3-4 NOTE
r-oldrel-windows-ix86+x86_64 0.1.3-4 4.00 32.00 36.00 NOTE

Check Details

Version: 0.1.3-4
Check: DESCRIPTION meta-information
Result: NOTE
    Malformed Title field: should not end in a period.
Flavors: r-devel-linux-x86_64-debian-clang, r-devel-linux-x86_64-debian-gcc, r-devel-linux-x86_64-fedora-clang, r-devel-linux-x86_64-fedora-gcc, r-devel-windows-x86_64, r-devel-windows-x86_64-gcc10-UCRT, r-patched-linux-x86_64, r-patched-solaris-x86, r-release-linux-x86_64, r-release-macos-arm64, r-release-macos-x86_64, r-release-windows-ix86+x86_64, r-oldrel-macos-x86_64, r-oldrel-windows-ix86+x86_64

Version: 0.1.3-4
Check: top-level files
Result: NOTE
    Non-standard file/directory found at top level:
     'dirmult.pdf'
Flavors: r-devel-linux-x86_64-debian-clang, r-devel-linux-x86_64-debian-gcc, r-devel-linux-x86_64-fedora-clang, r-devel-linux-x86_64-fedora-gcc, r-patched-linux-x86_64, r-release-linux-x86_64

Version: 0.1.3-4
Check: R code for possible problems
Result: NOTE
    nullTest: no visible global function definition for 'rmultinom'
    rdirichlet: no visible global function definition for 'rgamma'
    simPop: no visible global function definition for 'rnorm'
    simPop: no visible global function definition for 'rmultinom'
    Undefined global functions or variables:
     rgamma rmultinom rnorm
    Consider adding
     importFrom("stats", "rgamma", "rmultinom", "rnorm")
    to your NAMESPACE file.
Flavors: r-devel-linux-x86_64-debian-clang, r-devel-linux-x86_64-debian-gcc, r-devel-linux-x86_64-fedora-clang, r-devel-linux-x86_64-fedora-gcc, r-devel-windows-x86_64, r-devel-windows-x86_64-gcc10-UCRT, r-patched-linux-x86_64, r-patched-solaris-x86, r-release-linux-x86_64, r-release-macos-arm64, r-release-macos-x86_64, r-release-windows-ix86+x86_64, r-oldrel-macos-x86_64, r-oldrel-windows-ix86+x86_64