CRAN Package Check Results for Package diproperm

Last updated on 2021-06-22 23:50:30 CEST.

Flavor Version Tinstall Tcheck Ttotal Status Flags
r-devel-linux-x86_64-debian-clang 0.2.0 10.80 86.53 97.33 OK
r-devel-linux-x86_64-debian-gcc 0.2.0 8.54 64.38 72.92 OK
r-devel-linux-x86_64-fedora-clang 0.2.0 123.67 OK
r-devel-linux-x86_64-fedora-gcc 0.2.0 113.58 OK
r-devel-windows-x86_64 0.2.0 14.00 101.00 115.00 OK
r-devel-windows-x86_64-gcc10-UCRT 0.2.0 ERROR
r-patched-linux-x86_64 0.2.0 11.27 81.88 93.15 OK
r-patched-solaris-x86 0.2.0 166.30 OK
r-release-linux-x86_64 0.2.0 8.53 81.84 90.37 OK
r-release-macos-arm64 0.2.0 OK
r-release-macos-x86_64 0.2.0 OK
r-release-windows-ix86+x86_64 0.2.0 16.00 83.00 99.00 OK
r-oldrel-macos-x86_64 0.2.0 OK

Check Details

Version: 0.2.0
Check: package dependencies
Result: ERROR
    Package required but not available: 'usethis'
    
    See section 'The DESCRIPTION file' in the 'Writing R Extensions'
    manual.
Flavor: r-devel-windows-x86_64-gcc10-UCRT