CRAN Package Check Results for Package dexterMST

Last updated on 2021-06-13 23:49:04 CEST.

Flavor Version Tinstall Tcheck Ttotal Status Flags
r-devel-linux-x86_64-debian-clang 0.9.2 62.24 154.97 217.21 OK
r-devel-linux-x86_64-debian-gcc 0.9.2 42.86 112.75 155.61 OK
r-devel-linux-x86_64-fedora-clang 0.9.2 274.78 OK
r-devel-linux-x86_64-fedora-gcc 0.9.2 257.79 OK
r-devel-windows-x86_64 0.9.2 79.00 199.00 278.00 OK
r-devel-windows-x86_64-gcc10-UCRT 0.9.2 OK
r-patched-linux-x86_64 0.9.2 50.20 142.61 192.81 OK
r-patched-solaris-x86 0.9.2 434.60 OK
r-release-linux-x86_64 0.9.2 48.43 142.07 190.50 OK
r-release-macos-arm64 0.9.2 NOTE
r-release-macos-x86_64 0.9.2 OK
r-release-windows-ix86+x86_64 0.9.2 144.00 254.00 398.00 OK
r-oldrel-macos-x86_64 0.9.2 OK
r-oldrel-windows-ix86+x86_64 0.9.2 143.00 266.00 409.00 OK

Check Details

Version: 0.9.2
Check: installed package size
Result: NOTE
     installed size is 5.4Mb
     sub-directories of 1Mb or more:
     libs 4.8Mb
Flavor: r-release-macos-arm64