CRAN Package Check Results for Package dexter

Last updated on 2021-06-12 23:49:05 CEST.

Flavor Version Tinstall Tcheck Ttotal Status Flags
r-devel-linux-x86_64-debian-clang 1.1.3 107.72 207.61 315.33 OK
r-devel-linux-x86_64-debian-gcc 1.1.3 78.90 141.76 220.66 OK
r-devel-linux-x86_64-fedora-clang 1.1.3 397.41 NOTE
r-devel-linux-x86_64-fedora-gcc 1.1.3 366.26 OK
r-devel-windows-x86_64 1.1.3 144.00 238.00 382.00 OK
r-devel-windows-x86_64-gcc10-UCRT 1.1.3 OK
r-patched-linux-x86_64 1.1.3 95.41 178.56 273.97 OK
r-patched-solaris-x86 1.1.3 914.50 OK
r-release-linux-x86_64 1.1.3 79.64 180.06 259.70 OK
r-release-macos-arm64 1.1.3 NOTE
r-release-macos-x86_64 1.1.3 NOTE
r-release-windows-ix86+x86_64 1.1.3 248.00 278.00 526.00 NOTE
r-oldrel-macos-x86_64 1.1.3 NOTE
r-oldrel-windows-ix86+x86_64 1.1.3 250.00 292.00 542.00 NOTE

Check Details

Version: 1.1.3
Check: installed package size
Result: NOTE
     installed size is 8.0Mb
     sub-directories of 1Mb or more:
     doc 1.1Mb
     libs 6.1Mb
Flavors: r-devel-linux-x86_64-fedora-clang, r-release-macos-arm64, r-release-macos-x86_64, r-release-windows-ix86+x86_64, r-oldrel-macos-x86_64, r-oldrel-windows-ix86+x86_64