CRAN Package Check Results for Package designr

Last updated on 2021-06-13 23:49:04 CEST.

Flavor Version Tinstall Tcheck Ttotal Status Flags
r-devel-linux-x86_64-debian-clang 0.1.12 10.81 111.14 121.95 OK
r-devel-linux-x86_64-debian-gcc 0.1.12 10.00 84.57 94.57 OK
r-devel-linux-x86_64-fedora-clang 0.1.12 154.17 NOTE
r-devel-linux-x86_64-fedora-gcc 0.1.12 145.03 NOTE
r-devel-windows-x86_64 0.1.12 21.00 144.00 165.00 OK
r-devel-windows-x86_64-gcc10-UCRT 0.1.12 NOTE
r-patched-linux-x86_64 0.1.12 10.79 106.82 117.61 OK
r-patched-solaris-x86 0.1.12 200.70 NOTE
r-release-linux-x86_64 0.1.12 9.73 105.53 115.26 OK
r-release-macos-arm64 0.1.12 NOTE
r-release-macos-x86_64 0.1.12 NOTE
r-release-windows-ix86+x86_64 0.1.12 31.00 135.00 166.00 OK
r-oldrel-macos-x86_64 0.1.12 NOTE
r-oldrel-windows-ix86+x86_64 0.1.12 33.00 144.00 177.00 OK

Check Details

Version: 0.1.12
Check: data for non-ASCII characters
Result: NOTE
     Note: found 47 marked UTF-8 strings
Flavors: r-devel-linux-x86_64-fedora-clang, r-devel-linux-x86_64-fedora-gcc, r-devel-windows-x86_64-gcc10-UCRT, r-patched-solaris-x86, r-release-macos-arm64, r-release-macos-x86_64, r-oldrel-macos-x86_64