CRAN Package Check Results for Package dematel

Last updated on 2021-06-19 23:49:16 CEST.

Flavor Version Tinstall Tcheck Ttotal Status Flags
r-devel-linux-x86_64-debian-clang 0.1.0 4.14 48.73 52.87 OK
r-devel-linux-x86_64-debian-gcc 0.1.0 2.99 37.24 40.23 OK
r-devel-linux-x86_64-fedora-clang 0.1.0 72.51 NOTE
r-devel-linux-x86_64-fedora-gcc 0.1.0 61.15 NOTE
r-devel-windows-x86_64 0.1.0 8.00 68.00 76.00 OK
r-devel-windows-x86_64-gcc10-UCRT 0.1.0 NOTE
r-patched-linux-x86_64 0.1.0 3.67 45.71 49.38 OK
r-patched-solaris-x86 0.1.0 87.60 NOTE
r-release-linux-x86_64 0.1.0 3.68 46.28 49.96 OK
r-release-macos-arm64 0.1.0 NOTE
r-release-macos-x86_64 0.1.0 NOTE
r-release-windows-ix86+x86_64 0.1.0 12.00 65.00 77.00 OK
r-oldrel-macos-x86_64 0.1.0 NOTE
r-oldrel-windows-ix86+x86_64 0.1.0 10.00 76.00 86.00 OK

Check Details

Version: 0.1.0
Check: dependencies in R code
Result: NOTE
    Namespace in Imports field not imported from: ‘knitr’
     All declared Imports should be used.
Flavors: r-devel-linux-x86_64-fedora-clang, r-devel-linux-x86_64-fedora-gcc, r-devel-windows-x86_64-gcc10-UCRT, r-patched-solaris-x86, r-release-macos-arm64, r-release-macos-x86_64, r-oldrel-macos-x86_64