CRAN Package Check Results for Package decorators

Last updated on 2021-06-14 10:51:46 CEST.

Flavor Version Tinstall Tcheck Ttotal Status Flags
r-devel-linux-x86_64-debian-clang 0.1.0 2.13 25.07 27.20 NOTE
r-devel-linux-x86_64-debian-gcc 0.1.0 1.68 19.98 21.66 NOTE
r-devel-linux-x86_64-fedora-clang 0.1.0 41.73 NOTE
r-devel-linux-x86_64-fedora-gcc 0.1.0 31.50 NOTE
r-devel-windows-x86_64 0.1.0 4.00 40.00 44.00 NOTE
r-devel-windows-x86_64-gcc10-UCRT 0.1.0 NOTE
r-patched-linux-x86_64 0.1.0 2.14 24.41 26.55 NOTE
r-patched-solaris-x86 0.1.0 51.10 NOTE
r-release-linux-x86_64 0.1.0 2.12 24.26 26.38 NOTE
r-release-macos-arm64 0.1.0 NOTE
r-release-macos-x86_64 0.1.0 NOTE
r-release-windows-ix86+x86_64 0.1.0 4.00 47.00 51.00 NOTE
r-oldrel-macos-x86_64 0.1.0 OK
r-oldrel-windows-ix86+x86_64 0.1.0 4.00 40.00 44.00 OK

Check Details

Version: 0.1.0
Check: LazyData
Result: NOTE
     'LazyData' is specified without a 'data' directory
Flavors: r-devel-linux-x86_64-debian-clang, r-devel-linux-x86_64-debian-gcc, r-devel-linux-x86_64-fedora-clang, r-devel-linux-x86_64-fedora-gcc, r-devel-windows-x86_64, r-devel-windows-x86_64-gcc10-UCRT, r-patched-linux-x86_64, r-patched-solaris-x86, r-release-linux-x86_64, r-release-macos-arm64, r-release-macos-x86_64, r-release-windows-ix86+x86_64