CRAN Package Check Results for Package daymetr

Last updated on 2021-06-16 10:52:15 CEST.

Flavor Version Tinstall Tcheck Ttotal Status Flags
r-devel-linux-x86_64-debian-clang 1.5 2.79 47.38 50.17 OK
r-devel-linux-x86_64-debian-gcc 1.5 2.32 36.09 38.41 OK
r-devel-linux-x86_64-fedora-clang 1.5 65.84 OK
r-devel-linux-x86_64-fedora-gcc 1.5 55.92 OK
r-devel-windows-x86_64 1.5 5.00 66.00 71.00 OK
r-devel-windows-x86_64-gcc10-UCRT 1.5 ERROR
r-patched-linux-x86_64 1.5 2.99 44.70 47.69 OK
r-patched-solaris-x86 1.5 85.60 OK
r-release-linux-x86_64 1.5 1.98 44.90 46.88 OK
r-release-macos-arm64 1.5 OK
r-release-macos-x86_64 1.5 OK
r-release-windows-ix86+x86_64 1.5 6.00 63.00 69.00 OK
r-oldrel-macos-x86_64 1.5 OK
r-oldrel-windows-ix86+x86_64 1.5 7.00 71.00 78.00 OK

Check Details

Version: 1.5
Check: package dependencies
Result: ERROR
    Package required but not available: 'sf'
    
    See section 'The DESCRIPTION file' in the 'Writing R Extensions'
    manual.
Flavor: r-devel-windows-x86_64-gcc10-UCRT