CRAN Package Check Results for Package datadogr

Last updated on 2021-06-22 23:50:29 CEST.

Flavor Version Tinstall Tcheck Ttotal Status Flags
r-devel-linux-x86_64-debian-clang 0.1.2 2.36 28.99 31.35 NOTE
r-devel-linux-x86_64-debian-gcc 0.1.2 1.82 23.08 24.90 NOTE
r-devel-linux-x86_64-fedora-clang 0.1.2 47.43 NOTE
r-devel-linux-x86_64-fedora-gcc 0.1.2 36.67 NOTE
r-devel-windows-x86_64 0.1.2 4.00 42.00 46.00 NOTE
r-devel-windows-x86_64-gcc10-UCRT 0.1.2 ERROR
r-patched-linux-x86_64 0.1.2 2.39 28.30 30.69 NOTE
r-patched-solaris-x86 0.1.2 57.70 NOTE
r-release-linux-x86_64 0.1.2 1.85 28.29 30.14 NOTE
r-release-macos-arm64 0.1.2 NOTE
r-release-macos-x86_64 0.1.2 NOTE
r-release-windows-ix86+x86_64 0.1.2 4.00 35.00 39.00 NOTE
r-oldrel-macos-x86_64 0.1.2 OK

Check Details

Version: 0.1.2
Check: LazyData
Result: NOTE
     'LazyData' is specified without a 'data' directory
Flavors: r-devel-linux-x86_64-debian-clang, r-devel-linux-x86_64-debian-gcc, r-devel-linux-x86_64-fedora-clang, r-devel-linux-x86_64-fedora-gcc, r-devel-windows-x86_64, r-patched-linux-x86_64, r-patched-solaris-x86, r-release-linux-x86_64, r-release-macos-arm64, r-release-macos-x86_64, r-release-windows-ix86+x86_64

Version: 0.1.2
Check: package dependencies
Result: ERROR
    Package required but not available: 'httr'
    
    See section 'The DESCRIPTION file' in the 'Writing R Extensions'
    manual.
Flavor: r-devel-windows-x86_64-gcc10-UCRT