CRAN Package Check Results for Package dataCompareR

Last updated on 2021-06-20 23:49:40 CEST.

Flavor Version Tinstall Tcheck Ttotal Status Flags
r-devel-linux-x86_64-debian-clang 0.1.3 6.45 86.66 93.11 NOTE
r-devel-linux-x86_64-debian-gcc 0.1.3 5.38 65.04 70.42 NOTE
r-devel-linux-x86_64-fedora-clang 0.1.3 119.59 NOTE
r-devel-linux-x86_64-fedora-gcc 0.1.3 108.51 NOTE
r-devel-windows-x86_64 0.1.3 11.00 110.00 121.00 NOTE
r-devel-windows-x86_64-gcc10-UCRT 0.1.3 NOTE
r-patched-linux-x86_64 0.1.3 6.72 82.90 89.62 NOTE
r-patched-solaris-x86 0.1.3 142.40 NOTE
r-release-linux-x86_64 0.1.3 6.05 81.08 87.13 NOTE
r-release-macos-arm64 0.1.3 NOTE
r-release-macos-x86_64 0.1.3 NOTE
r-release-windows-ix86+x86_64 0.1.3 14.00 110.00 124.00 NOTE
r-oldrel-macos-x86_64 0.1.3 OK

Check Details

Version: 0.1.3
Check: LazyData
Result: NOTE
     'LazyData' is specified without a 'data' directory
Flavors: r-devel-linux-x86_64-debian-clang, r-devel-linux-x86_64-debian-gcc, r-devel-linux-x86_64-fedora-clang, r-devel-linux-x86_64-fedora-gcc, r-devel-windows-x86_64, r-devel-windows-x86_64-gcc10-UCRT, r-patched-linux-x86_64, r-patched-solaris-x86, r-release-linux-x86_64, r-release-macos-arm64, r-release-macos-x86_64, r-release-windows-ix86+x86_64