CRAN Package Check Results for Package d3r

Last updated on 2021-05-11 10:48:20 CEST.

Flavor Version Tinstall Tcheck Ttotal Status Flags
r-devel-linux-x86_64-debian-clang 0.9.1 2.39 32.41 34.80 NOTE
r-devel-linux-x86_64-debian-gcc 0.9.1 2.28 25.22 27.50 NOTE
r-devel-linux-x86_64-fedora-clang 0.9.1 54.28 NOTE
r-devel-linux-x86_64-fedora-gcc 0.9.1 41.78 NOTE
r-devel-windows-ix86+x86_64 0.9.1 13.00 53.00 66.00 NOTE
r-devel-windows-x86_64-gcc10-UCRT 0.9.1 NOTE
r-patched-linux-x86_64 0.9.1 2.94 31.45 34.39 NOTE
r-patched-solaris-x86 0.9.1 68.10 NOTE
r-release-linux-x86_64 0.9.1 2.33 31.38 33.71 OK
r-release-macos-x86_64 0.9.1 OK
r-release-windows-ix86+x86_64 0.9.1 5.00 43.00 48.00 OK
r-oldrel-macos-x86_64 0.9.1 OK
r-oldrel-windows-ix86+x86_64 0.9.1 5.00 50.00 55.00 OK

Check Details

Version: 0.9.1
Check: LazyData
Result: NOTE
     'LazyData' is specified without a 'data' directory
Flavors: r-devel-linux-x86_64-debian-clang, r-devel-linux-x86_64-debian-gcc, r-devel-linux-x86_64-fedora-clang, r-devel-linux-x86_64-fedora-gcc, r-devel-windows-ix86+x86_64, r-devel-windows-x86_64-gcc10-UCRT, r-patched-linux-x86_64, r-patched-solaris-x86