CRAN Package Check Results for Package cxxfunplus

Last updated on 2021-06-21 10:52:30 CEST.

Flavor Version Tinstall Tcheck Ttotal Status Flags
r-devel-linux-x86_64-debian-clang 1.0 2.88 28.34 31.22 NOTE
r-devel-linux-x86_64-debian-gcc 1.0 2.52 22.41 24.93 NOTE
r-devel-linux-x86_64-fedora-clang 1.0 47.78 NOTE
r-devel-linux-x86_64-fedora-gcc 1.0 37.55 NOTE
r-devel-windows-x86_64 1.0 8.00 43.00 51.00 NOTE
r-devel-windows-x86_64-gcc10-UCRT 1.0 NOTE
r-patched-linux-x86_64 1.0 3.27 27.67 30.94 NOTE
r-patched-solaris-x86 1.0 58.50 NOTE
r-release-linux-x86_64 1.0 3.31 27.54 30.85 NOTE
r-release-macos-arm64 1.0 NOTE
r-release-macos-x86_64 1.0 NOTE
r-release-windows-ix86+x86_64 1.0 10.00 37.00 47.00 NOTE
r-oldrel-macos-x86_64 1.0 NOTE
r-oldrel-windows-ix86+x86_64 1.0 8.00 0.00 8.00 NOTE

Check Details

Version: 1.0
Check: DESCRIPTION meta-information
Result: NOTE
    Malformed Description field: should contain one or more complete sentences.
Flavors: r-devel-linux-x86_64-debian-clang, r-devel-linux-x86_64-debian-gcc, r-devel-linux-x86_64-fedora-clang, r-devel-linux-x86_64-fedora-gcc, r-devel-windows-x86_64, r-devel-windows-x86_64-gcc10-UCRT, r-patched-linux-x86_64, r-patched-solaris-x86, r-release-linux-x86_64, r-release-macos-arm64, r-release-macos-x86_64, r-release-windows-ix86+x86_64, r-oldrel-macos-x86_64, r-oldrel-windows-ix86+x86_64

Version: 1.0
Check: R code for possible problems
Result: NOTE
    cxxfun.from.dll: no visible global function definition for 'new'
    cxxfun.from.dso.bin: no visible global function definition for 'new'
    cxxfunctionplus: no visible global function definition for 'getPlugin'
    cxxfunctionplus: no visible global function definition for
     'cxxfunction'
    cxxfunctionplus: no visible global function definition for 'new'
    show,cxxdso: no visible global function definition for 'object.size'
    Undefined global functions or variables:
     cxxfunction getPlugin new object.size
    Consider adding
     importFrom("methods", "new")
     importFrom("utils", "object.size")
    to your NAMESPACE file (and ensure that your DESCRIPTION Imports field
    contains 'methods').
Flavors: r-devel-linux-x86_64-debian-clang, r-devel-linux-x86_64-debian-gcc, r-devel-linux-x86_64-fedora-clang, r-devel-linux-x86_64-fedora-gcc, r-devel-windows-x86_64, r-devel-windows-x86_64-gcc10-UCRT, r-patched-linux-x86_64, r-patched-solaris-x86, r-release-linux-x86_64, r-release-macos-arm64, r-release-macos-x86_64, r-release-windows-ix86+x86_64, r-oldrel-macos-x86_64, r-oldrel-windows-ix86+x86_64

Version: 1.0
Check: dependencies in R code
Result: NOTE
    Namespace in Imports field not imported from: ‘methods’
     All declared Imports should be used.
Flavors: r-devel-linux-x86_64-fedora-clang, r-devel-linux-x86_64-fedora-gcc, r-devel-windows-x86_64-gcc10-UCRT, r-patched-solaris-x86, r-release-macos-arm64, r-release-macos-x86_64, r-oldrel-macos-x86_64