CRAN Package Check Results for Package cubfits

Last updated on 2021-06-23 10:51:20 CEST.

Flavor Version Tinstall Tcheck Ttotal Status Flags
r-devel-linux-x86_64-debian-clang 0.1-3 14.93 80.30 95.23 OK
r-devel-linux-x86_64-debian-gcc 0.1-3 9.53 61.01 70.54 OK
r-devel-linux-x86_64-fedora-clang 0.1-3 117.01 OK
r-devel-linux-x86_64-fedora-gcc 0.1-3 108.78 OK
r-devel-windows-x86_64 0.1-3 19.00 89.00 108.00 OK
r-devel-windows-x86_64-gcc10-UCRT 0.1-3 OK
r-patched-linux-x86_64 0.1-3 11.93 77.30 89.23 OK
r-patched-solaris-x86 0.1-3 135.00 OK
r-release-linux-x86_64 0.1-3 11.63 78.28 89.91 OK
r-release-macos-arm64 0.1-3 NOTE
r-release-macos-x86_64 0.1-3 NOTE
r-release-windows-ix86+x86_64 0.1-3 23.00 104.00 127.00 OK
r-oldrel-macos-x86_64 0.1-3 NOTE

Check Details

Version: 0.1-3
Check: package dependencies
Result: NOTE
    Package which this enhances but not available for checking: ‘pbdMPI’
Flavors: r-release-macos-arm64, r-release-macos-x86_64, r-oldrel-macos-x86_64