CRAN Package Check Results for Package crplyr

Last updated on 2021-06-12 23:49:04 CEST.

Flavor Version Tinstall Tcheck Ttotal Status Flags
r-devel-linux-x86_64-debian-clang 0.3.8 8.82 97.61 106.43 OK
r-devel-linux-x86_64-debian-gcc 0.3.8 7.17 73.34 80.51 OK
r-devel-linux-x86_64-fedora-clang 0.3.8 134.48 OK
r-devel-linux-x86_64-fedora-gcc 0.3.8 131.60 OK
r-devel-windows-x86_64 0.3.8 16.00 124.00 140.00 OK
r-devel-windows-x86_64-gcc10-UCRT 0.3.8 NOTE
r-patched-linux-x86_64 0.3.8 8.56 91.62 100.18 OK
r-patched-solaris-x86 0.3.8 172.80 OK
r-release-linux-x86_64 0.3.8 9.46 91.48 100.94 OK
r-release-macos-arm64 0.3.8 OK
r-release-macos-x86_64 0.3.8 OK
r-release-windows-ix86+x86_64 0.3.8 20.00 137.00 157.00 OK
r-oldrel-macos-x86_64 0.3.8 OK
r-oldrel-windows-ix86+x86_64 0.3.8 21.00 127.00 148.00 OK

Check Details

Version: 0.3.8
Check: package dependencies
Result: NOTE
    Package suggested but not available for checking: 'vdiffr'
Flavor: r-devel-windows-x86_64-gcc10-UCRT