CRAN Package Check Results for Package cppRouting

Last updated on 2021-06-22 23:50:28 CEST.

Flavor Version Tinstall Tcheck Ttotal Status Flags
r-devel-linux-x86_64-debian-clang 2.0 281.85 33.57 315.42 OK
r-devel-linux-x86_64-debian-gcc 2.0 167.50 26.48 193.98 OK
r-devel-linux-x86_64-fedora-clang 2.0 484.09 NOTE
r-devel-linux-x86_64-fedora-gcc 2.0 387.23 NOTE
r-devel-windows-x86_64 2.0 315.00 59.00 374.00 OK
r-devel-windows-x86_64-gcc10-UCRT 2.0 NOTE
r-patched-linux-x86_64 2.0 211.25 32.72 243.97 OK
r-patched-solaris-x86 2.0 316.30 NOTE
r-release-linux-x86_64 2.0 203.64 33.13 236.77 OK
r-release-macos-arm64 2.0 NOTE
r-release-macos-x86_64 2.0 NOTE
r-release-windows-ix86+x86_64 2.0 602.00 78.00 680.00 OK
r-oldrel-macos-x86_64 2.0 NOTE

Check Details

Version: 2.0
Check: installed package size
Result: NOTE
     installed size is 9.0Mb
     sub-directories of 1Mb or more:
     libs 8.8Mb
Flavors: r-devel-linux-x86_64-fedora-clang, r-release-macos-arm64, r-release-macos-x86_64, r-oldrel-macos-x86_64

Version: 2.0
Check: dependencies in R code
Result: NOTE
    Namespace in Imports field not imported from: ‘RcppProgress’
     All declared Imports should be used.
Flavors: r-devel-linux-x86_64-fedora-clang, r-devel-linux-x86_64-fedora-gcc, r-devel-windows-x86_64-gcc10-UCRT, r-patched-solaris-x86, r-release-macos-arm64, r-release-macos-x86_64, r-oldrel-macos-x86_64