CRAN Package Check Results for Package cowbell

Last updated on 2021-06-19 10:51:58 CEST.

Flavor Version Tinstall Tcheck Ttotal Status Flags
r-devel-linux-x86_64-debian-clang 0.1.0 2.89 77.39 80.28 OK
r-devel-linux-x86_64-debian-gcc 0.1.0 2.21 57.40 59.61 OK
r-devel-linux-x86_64-fedora-clang 0.1.0 101.69 NOTE
r-devel-linux-x86_64-fedora-gcc 0.1.0 90.57 NOTE
r-devel-windows-x86_64 0.1.0 5.00 103.00 108.00 OK
r-devel-windows-x86_64-gcc10-UCRT 0.1.0 NOTE
r-patched-linux-x86_64 0.1.0 3.01 75.63 78.64 OK
r-patched-solaris-x86 0.1.0 126.90 NOTE
r-release-linux-x86_64 0.1.0 2.92 75.64 78.56 OK
r-release-macos-arm64 0.1.0 NOTE
r-release-macos-x86_64 0.1.0 NOTE
r-release-windows-ix86+x86_64 0.1.0 6.00 97.00 103.00 OK
r-oldrel-macos-x86_64 0.1.0 NOTE
r-oldrel-windows-ix86+x86_64 0.1.0 4.00 100.00 104.00 OK

Check Details

Version: 0.1.0
Check: dependencies in R code
Result: NOTE
    Namespaces in Imports field not imported from:
     ‘ggplot2’ ‘misc3d’
     All declared Imports should be used.
Flavors: r-devel-linux-x86_64-fedora-clang, r-devel-linux-x86_64-fedora-gcc, r-devel-windows-x86_64-gcc10-UCRT, r-patched-solaris-x86, r-release-macos-arm64, r-release-macos-x86_64, r-oldrel-macos-x86_64