CRAN Package Check Results for Package countytimezones

Last updated on 2021-06-22 23:50:28 CEST.

Flavor Version Tinstall Tcheck Ttotal Status Flags
r-devel-linux-x86_64-debian-clang 1.0.0 3.87 64.98 68.85 OK
r-devel-linux-x86_64-debian-gcc 1.0.0 3.37 49.14 52.51 OK
r-devel-linux-x86_64-fedora-clang 1.0.0 90.71 OK
r-devel-linux-x86_64-fedora-gcc 1.0.0 79.13 OK
r-devel-windows-x86_64 1.0.0 7.00 84.00 91.00 OK
r-devel-windows-x86_64-gcc10-UCRT 1.0.0 WARN
r-patched-linux-x86_64 1.0.0 4.22 61.52 65.74 OK
r-patched-solaris-x86 1.0.0 122.00 OK
r-release-linux-x86_64 1.0.0 3.82 61.46 65.28 OK
r-release-macos-arm64 1.0.0 WARN
r-release-macos-x86_64 1.0.0 OK
r-release-windows-ix86+x86_64 1.0.0 11.00 66.00 77.00 OK
r-oldrel-macos-x86_64 1.0.0 OK

Check Details

Version: 1.0.0
Check: package dependencies
Result: NOTE
    Package suggested but not available for checking: 'choroplethr'
Flavors: r-devel-windows-x86_64-gcc10-UCRT, r-release-macos-arm64

Version: 1.0.0
Check: re-building of vignette outputs
Result: WARN
    Error(s) in re-building vignettes:
     ...
    --- re-building 'countytimezones.Rmd' using rmarkdown
    Quitting from lines 111-123 (countytimezones.Rmd)
    Error: processing vignette 'countytimezones.Rmd' failed with diagnostics:
    there is no package called 'choroplethr'
    --- failed re-building 'countytimezones.Rmd'
    
    SUMMARY: processing the following file failed:
     'countytimezones.Rmd'
    
    Error: Vignette re-building failed.
    Execution halted
Flavor: r-devel-windows-x86_64-gcc10-UCRT

Version: 1.0.0
Check: re-building of vignette outputs
Result: WARN
    Error(s) in re-building vignettes:
     ...
    --- re-building ‘countytimezones.Rmd’ using rmarkdown
    Warning in engine$weave(file, quiet = quiet, encoding = enc) :
     Pandoc (>= 1.12.3) not available. Falling back to R Markdown v1.
    Quitting from lines 111-123 (countytimezones.Rmd)
    Error: processing vignette 'countytimezones.Rmd' failed with diagnostics:
    there is no package called 'choroplethr'
    --- failed re-building ‘countytimezones.Rmd’
    
    SUMMARY: processing the following file failed:
     ‘countytimezones.Rmd’
    
    Error: Vignette re-building failed.
    Execution halted
Flavor: r-release-macos-arm64