CRAN Package Check Results for Package cord

Last updated on 2021-05-11 23:50:37 CEST.

Flavor Version Tinstall Tcheck Ttotal Status Flags
r-devel-linux-x86_64-debian-clang 0.1.1 42.66 25.53 68.19 OK
r-devel-linux-x86_64-debian-gcc 0.1.1 28.96 20.15 49.11 OK
r-devel-linux-x86_64-fedora-clang 0.1.1 104.29 NOTE
r-devel-linux-x86_64-fedora-gcc 0.1.1 83.67 NOTE
r-devel-windows-ix86+x86_64 0.1.1 76.00 17.00 93.00 ERROR
r-devel-windows-x86_64-gcc10-UCRT 0.1.1 OK
r-patched-linux-x86_64 0.1.1 31.58 25.13 56.71 OK
r-patched-solaris-x86 0.1.1 93.20 OK
r-release-linux-x86_64 0.1.1 34.08 24.67 58.75 OK
r-release-macos-x86_64 0.1.1 OK
r-release-windows-ix86+x86_64 0.1.1 67.00 54.00 121.00 OK
r-oldrel-macos-x86_64 0.1.1 OK
r-oldrel-windows-ix86+x86_64 0.1.1 90.00 47.00 137.00 OK

Check Details

Version: 0.1.1
Check: compiled code
Result: NOTE
    File ‘cord/libs/cord.so’:
     Found no calls to: ‘R_registerRoutines’, ‘R_useDynamicSymbols’
    
    It is good practice to register native routines and to disable symbol
    search.
    
    See ‘Writing portable packages’ in the ‘Writing R Extensions’ manual.
Flavors: r-devel-linux-x86_64-fedora-clang, r-devel-linux-x86_64-fedora-gcc

Version: 0.1.1
Check: whether package can be installed
Result: ERROR
    Installation failed.
Flavor: r-devel-windows-ix86+x86_64