CRAN Package Check Results for Package convevol

Last updated on 2021-05-11 23:50:37 CEST.

Flavor Version Tinstall Tcheck Ttotal Status Flags
r-devel-linux-x86_64-debian-clang 1.3 10.93 90.52 101.45 NOTE
r-devel-linux-x86_64-debian-gcc 1.3 8.18 69.66 77.84 NOTE
r-devel-linux-x86_64-fedora-clang 1.3 129.69 NOTE
r-devel-linux-x86_64-fedora-gcc 1.3 118.22 NOTE
r-devel-windows-ix86+x86_64 1.3 18.00 115.00 133.00 NOTE
r-devel-windows-x86_64-gcc10-UCRT 1.3 NOTE
r-patched-linux-x86_64 1.3 9.39 88.78 98.17 NOTE
r-patched-solaris-x86 1.3 171.70 NOTE
r-release-linux-x86_64 1.3 9.05 85.50 94.55 OK
r-release-macos-x86_64 1.3 OK
r-release-windows-ix86+x86_64 1.3 20.00 88.00 108.00 OK
r-oldrel-macos-x86_64 1.3 OK
r-oldrel-windows-ix86+x86_64 1.3 20.00 80.00 100.00 OK

Check Details

Version: 1.3
Check: LazyData
Result: NOTE
     'LazyData' is specified without a 'data' directory
Flavors: r-devel-linux-x86_64-debian-clang, r-devel-linux-x86_64-debian-gcc, r-devel-linux-x86_64-fedora-clang, r-devel-linux-x86_64-fedora-gcc, r-devel-windows-ix86+x86_64, r-devel-windows-x86_64-gcc10-UCRT, r-patched-linux-x86_64, r-patched-solaris-x86