CRAN Package Check Results for Package con2aqi

Last updated on 2021-06-21 10:52:29 CEST.

Flavor Version Tinstall Tcheck Ttotal Status Flags
r-devel-linux-x86_64-debian-clang 0.1.0 1.61 20.06 21.67 NOTE
r-devel-linux-x86_64-debian-gcc 0.1.0 1.57 15.91 17.48 NOTE
r-devel-linux-x86_64-fedora-clang 0.1.0 36.32 NOTE
r-devel-linux-x86_64-fedora-gcc 0.1.0 25.55 NOTE
r-devel-windows-x86_64 0.1.0 4.00 32.00 36.00 NOTE
r-devel-windows-x86_64-gcc10-UCRT 0.1.0 NOTE
r-patched-linux-x86_64 0.1.0 1.69 19.78 21.47 NOTE
r-patched-solaris-x86 0.1.0 40.20 NOTE
r-release-linux-x86_64 0.1.0 1.58 19.61 21.19 NOTE
r-release-macos-arm64 0.1.0 NOTE
r-release-macos-x86_64 0.1.0 NOTE
r-release-windows-ix86+x86_64 0.1.0 4.00 27.00 31.00 NOTE
r-oldrel-macos-x86_64 0.1.0 OK
r-oldrel-windows-ix86+x86_64 0.1.0 4.00 25.00 29.00 OK

Check Details

Version: 0.1.0
Check: LazyData
Result: NOTE
     'LazyData' is specified without a 'data' directory
Flavors: r-devel-linux-x86_64-debian-clang, r-devel-linux-x86_64-debian-gcc, r-devel-linux-x86_64-fedora-clang, r-devel-linux-x86_64-fedora-gcc, r-devel-windows-x86_64, r-devel-windows-x86_64-gcc10-UCRT, r-patched-linux-x86_64, r-patched-solaris-x86, r-release-linux-x86_64, r-release-macos-arm64, r-release-macos-x86_64, r-release-windows-ix86+x86_64