CRAN Package Check Results for Package complexNet

Last updated on 2021-06-14 10:51:45 CEST.

Flavor Version Tinstall Tcheck Ttotal Status Flags
r-devel-linux-x86_64-debian-clang 0.1.0 1.87 24.24 26.11 OK
r-devel-linux-x86_64-debian-gcc 0.1.0 1.80 19.28 21.08 OK
r-devel-linux-x86_64-fedora-clang 0.1.0 41.21 NOTE
r-devel-linux-x86_64-fedora-gcc 0.1.0 31.43 NOTE
r-devel-windows-x86_64 0.1.0 4.00 41.00 45.00 OK
r-devel-windows-x86_64-gcc10-UCRT 0.1.0 NOTE
r-patched-linux-x86_64 0.1.0 2.16 23.32 25.48 OK
r-patched-solaris-x86 0.1.0 49.90 NOTE
r-release-linux-x86_64 0.1.0 2.09 23.42 25.51 OK
r-release-macos-arm64 0.1.0 NOTE
r-release-macos-x86_64 0.1.0 NOTE
r-release-windows-ix86+x86_64 0.1.0 5.00 47.00 52.00 OK
r-oldrel-macos-x86_64 0.1.0 NOTE
r-oldrel-windows-ix86+x86_64 0.1.0 5.00 42.00 47.00 OK

Check Details

Version: 0.1.0
Check: dependencies in R code
Result: NOTE
    Namespace in Imports field not imported from: ‘methods’
     All declared Imports should be used.
Flavors: r-devel-linux-x86_64-fedora-clang, r-devel-linux-x86_64-fedora-gcc, r-devel-windows-x86_64-gcc10-UCRT, r-patched-solaris-x86, r-release-macos-arm64, r-release-macos-x86_64, r-oldrel-macos-x86_64