CRAN Package Check Results for Package colorBlindness

Last updated on 2021-06-16 10:52:14 CEST.

Flavor Version Tinstall Tcheck Ttotal Status Flags
r-devel-linux-x86_64-debian-clang 0.1.9 5.88 65.80 71.68 OK
r-devel-linux-x86_64-debian-gcc 0.1.9 4.10 48.39 52.49 OK
r-devel-linux-x86_64-fedora-clang 0.1.9 89.00 NOTE
r-devel-linux-x86_64-fedora-gcc 0.1.9 80.00 OK
r-devel-windows-x86_64 0.1.9 10.00 84.00 94.00 NOTE
r-devel-windows-x86_64-gcc10-UCRT 0.1.9 OK
r-patched-linux-x86_64 0.1.9 5.63 61.27 66.90 OK
r-patched-solaris-x86 0.1.9 109.50 NOTE
r-release-linux-x86_64 0.1.9 3.60 60.61 64.21 OK
r-release-macos-arm64 0.1.9 NOTE
r-release-macos-x86_64 0.1.9 NOTE
r-release-windows-ix86+x86_64 0.1.9 14.00 83.00 97.00 NOTE
r-oldrel-macos-x86_64 0.1.9 NOTE
r-oldrel-windows-ix86+x86_64 0.1.9 22.00 83.00 105.00 NOTE

Check Details

Version: 0.1.9
Check: installed package size
Result: NOTE
     installed size is 5.2Mb
     sub-directories of 1Mb or more:
     doc 4.9Mb
Flavors: r-devel-linux-x86_64-fedora-clang, r-devel-windows-x86_64, r-patched-solaris-x86, r-release-macos-arm64, r-release-macos-x86_64, r-release-windows-ix86+x86_64, r-oldrel-macos-x86_64, r-oldrel-windows-ix86+x86_64