CRAN Package Check Results for Package coinmarketcapr

Last updated on 2021-06-21 10:52:29 CEST.

Flavor Version Tinstall Tcheck Ttotal Status Flags
r-devel-linux-x86_64-debian-clang 0.3.2 5.28 53.46 58.74 NOTE
r-devel-linux-x86_64-debian-gcc 0.3.2 4.45 39.87 44.32 NOTE
r-devel-linux-x86_64-fedora-clang 0.3.2 76.26 NOTE
r-devel-linux-x86_64-fedora-gcc 0.3.2 67.82 NOTE
r-devel-windows-x86_64 0.3.2 9.00 70.00 79.00 NOTE
r-devel-windows-x86_64-gcc10-UCRT 0.3.2 ERROR
r-patched-linux-x86_64 0.3.2 5.95 49.79 55.74 NOTE
r-patched-solaris-x86 0.3.2 97.80 NOTE
r-release-linux-x86_64 0.3.2 5.46 49.73 55.19 NOTE
r-release-macos-arm64 0.3.2 NOTE
r-release-macos-x86_64 0.3.2 NOTE
r-release-windows-ix86+x86_64 0.3.2 14.00 71.00 85.00 NOTE
r-oldrel-macos-x86_64 0.3.2 OK

Check Details

Version: 0.3.2
Check: LazyData
Result: NOTE
     'LazyData' is specified without a 'data' directory
Flavors: r-devel-linux-x86_64-debian-clang, r-devel-linux-x86_64-debian-gcc, r-devel-linux-x86_64-fedora-clang, r-devel-linux-x86_64-fedora-gcc, r-devel-windows-x86_64, r-patched-linux-x86_64, r-patched-solaris-x86, r-release-linux-x86_64, r-release-macos-arm64, r-release-macos-x86_64, r-release-windows-ix86+x86_64

Version: 0.3.2
Check: package dependencies
Result: ERROR
    Package required but not available: 'curl'
    
    See section 'The DESCRIPTION file' in the 'Writing R Extensions'
    manual.
Flavor: r-devel-windows-x86_64-gcc10-UCRT