CRAN Package Check Results for Package codingMatrices

Last updated on 2021-06-15 10:49:44 CEST.

Flavor Version Tinstall Tcheck Ttotal Status Flags
r-devel-linux-x86_64-debian-clang 0.3.3 7.52 83.38 90.90 NOTE
r-devel-linux-x86_64-debian-gcc 0.3.3 5.84 65.11 70.95 NOTE
r-devel-linux-x86_64-fedora-clang 0.3.3 116.53 NOTE
r-devel-linux-x86_64-fedora-gcc 0.3.3 106.33 NOTE
r-devel-windows-x86_64 0.3.3 12.00 105.00 117.00 NOTE
r-devel-windows-x86_64-gcc10-UCRT 0.3.3 NOTE
r-patched-linux-x86_64 0.3.3 6.98 80.65 87.63 NOTE
r-patched-solaris-x86 0.3.3 156.50 NOTE
r-release-linux-x86_64 0.3.3 7.31 80.78 88.09 NOTE
r-release-macos-arm64 0.3.3 NOTE
r-release-macos-x86_64 0.3.3 NOTE
r-release-windows-ix86+x86_64 0.3.3 17.00 105.00 122.00 NOTE
r-oldrel-macos-x86_64 0.3.3 OK
r-oldrel-windows-ix86+x86_64 0.3.3 14.00 109.00 123.00 OK

Check Details

Version: 0.3.3
Check: LazyData
Result: NOTE
     'LazyData' is specified without a 'data' directory
Flavors: r-devel-linux-x86_64-debian-clang, r-devel-linux-x86_64-debian-gcc, r-devel-linux-x86_64-fedora-clang, r-devel-linux-x86_64-fedora-gcc, r-devel-windows-x86_64, r-devel-windows-x86_64-gcc10-UCRT, r-patched-linux-x86_64, r-patched-solaris-x86, r-release-linux-x86_64, r-release-macos-arm64, r-release-macos-x86_64, r-release-windows-ix86+x86_64