CRAN Package Check Results for Package coala

Last updated on 2021-05-11 10:48:19 CEST.

Flavor Version Tinstall Tcheck Ttotal Status Flags
r-devel-linux-x86_64-debian-clang 0.6.0 179.39 114.82 294.21 OK
r-devel-linux-x86_64-debian-gcc 0.6.0 128.30 91.01 219.31 OK
r-devel-linux-x86_64-fedora-clang 0.6.0 402.85 NOTE
r-devel-linux-x86_64-fedora-gcc 0.6.0 378.06 OK
r-devel-windows-ix86+x86_64 0.6.0 281.00 196.00 477.00 OK
r-devel-windows-x86_64-gcc10-UCRT 0.6.0 OK
r-patched-linux-x86_64 0.6.0 150.03 116.70 266.73 OK
r-patched-solaris-x86 0.6.0 405.70 OK
r-release-linux-x86_64 0.6.0 144.91 115.69 260.60 OK
r-release-macos-x86_64 0.6.0 NOTE
r-release-windows-ix86+x86_64 0.6.0 294.00 152.00 446.00 OK
r-oldrel-macos-x86_64 0.6.0 NOTE
r-oldrel-windows-ix86+x86_64 0.6.0 259.00 186.00 445.00 OK

Check Details

Version: 0.6.0
Check: installed package size
Result: NOTE
     installed size is 6.1Mb
     sub-directories of 1Mb or more:
     R 1.4Mb
     libs 4.2Mb
Flavors: r-devel-linux-x86_64-fedora-clang, r-release-macos-x86_64, r-oldrel-macos-x86_64