CRAN Package Check Results for Package cleandata

Last updated on 2021-06-19 23:49:14 CEST.

Flavor Version Tinstall Tcheck Ttotal Status Flags
r-devel-linux-x86_64-debian-clang 0.3.0 2.48 24.22 26.70 NOTE
r-devel-linux-x86_64-debian-gcc 0.3.0 1.77 19.44 21.21 NOTE
r-devel-linux-x86_64-fedora-clang 0.3.0 42.22 NOTE
r-devel-linux-x86_64-fedora-gcc 0.3.0 32.62 NOTE
r-devel-windows-x86_64 0.3.0 4.00 41.00 45.00 NOTE
r-devel-windows-x86_64-gcc10-UCRT 0.3.0 NOTE
r-patched-linux-x86_64 0.3.0 2.22 24.21 26.43 NOTE
r-patched-solaris-x86 0.3.0 52.20 NOTE
r-release-linux-x86_64 0.3.0 2.28 24.24 26.52 NOTE
r-release-macos-arm64 0.3.0 NOTE
r-release-macos-x86_64 0.3.0 NOTE
r-release-windows-ix86+x86_64 0.3.0 6.00 40.00 46.00 NOTE
r-oldrel-macos-x86_64 0.3.0 OK
r-oldrel-windows-ix86+x86_64 0.3.0 5.00 40.00 45.00 OK

Check Details

Version: 0.3.0
Check: LazyData
Result: NOTE
     'LazyData' is specified without a 'data' directory
Flavors: r-devel-linux-x86_64-debian-clang, r-devel-linux-x86_64-debian-gcc, r-devel-linux-x86_64-fedora-clang, r-devel-linux-x86_64-fedora-gcc, r-devel-windows-x86_64, r-devel-windows-x86_64-gcc10-UCRT, r-patched-linux-x86_64, r-patched-solaris-x86, r-release-linux-x86_64, r-release-macos-arm64, r-release-macos-x86_64, r-release-windows-ix86+x86_64