CRAN Package Check Results for Package ciu

Last updated on 2021-06-17 23:49:19 CEST.

Flavor Version Tinstall Tcheck Ttotal Status Flags
r-devel-linux-x86_64-debian-clang 0.1.0 5.45 60.80 66.25 NOTE
r-devel-linux-x86_64-debian-gcc 0.1.0 4.22 44.68 48.90 NOTE
r-devel-linux-x86_64-fedora-clang 0.1.0 85.74 NOTE
r-devel-linux-x86_64-fedora-gcc 0.1.0 74.45 NOTE
r-devel-windows-x86_64 0.1.0 9.00 78.00 87.00 NOTE
r-devel-windows-x86_64-gcc10-UCRT 0.1.0 NOTE
r-patched-linux-x86_64 0.1.0 5.23 56.42 61.65 NOTE
r-patched-solaris-x86 0.1.0 106.90 NOTE
r-release-linux-x86_64 0.1.0 5.28 55.66 60.94 NOTE
r-release-macos-arm64 0.1.0 NOTE
r-release-macos-x86_64 0.1.0 NOTE
r-release-windows-ix86+x86_64 0.1.0 13.00 76.00 89.00 NOTE
r-oldrel-macos-x86_64 0.1.0 OK
r-oldrel-windows-ix86+x86_64 0.1.0 10.00 80.00 90.00 OK

Check Details

Version: 0.1.0
Check: LazyData
Result: NOTE
     'LazyData' is specified without a 'data' directory
Flavors: r-devel-linux-x86_64-debian-clang, r-devel-linux-x86_64-debian-gcc, r-devel-linux-x86_64-fedora-clang, r-devel-linux-x86_64-fedora-gcc, r-devel-windows-x86_64, r-devel-windows-x86_64-gcc10-UCRT, r-patched-linux-x86_64, r-patched-solaris-x86, r-release-linux-x86_64, r-release-macos-arm64, r-release-macos-x86_64, r-release-windows-ix86+x86_64