CRAN Package Check Results for Package chemometrics

Last updated on 2021-05-11 10:48:19 CEST.

Flavor Version Tinstall Tcheck Ttotal Status Flags
r-devel-linux-x86_64-debian-clang 1.4.2 8.50 150.98 159.48 NOTE
r-devel-linux-x86_64-debian-gcc 1.4.2 6.15 111.42 117.57 NOTE
r-devel-linux-x86_64-fedora-clang 1.4.2 194.76 NOTE
r-devel-linux-x86_64-fedora-gcc 1.4.2 183.60 NOTE
r-devel-windows-ix86+x86_64 1.4.2 8.00 170.00 178.00 OK
r-devel-windows-x86_64-gcc10-UCRT 1.4.2 OK
r-patched-linux-x86_64 1.4.2 9.29 145.98 155.27 NOTE
r-patched-solaris-x86 1.4.2 260.10 NOTE
r-release-linux-x86_64 1.4.2 6.53 142.66 149.19 NOTE
r-release-macos-x86_64 1.4.2 OK
r-release-windows-ix86+x86_64 1.4.2 9.00 134.00 143.00 OK
r-oldrel-macos-x86_64 1.4.2 OK
r-oldrel-windows-ix86+x86_64 1.4.2 11.00 12.00 23.00 ERROR

Check Details

Version: 1.4.2
Check: for non-standard things in the check directory
Result: NOTE
    Found the following files/directories:
     'stepres00.txt'
Flavors: r-devel-linux-x86_64-debian-clang, r-devel-linux-x86_64-debian-gcc, r-devel-linux-x86_64-fedora-clang, r-devel-linux-x86_64-fedora-gcc, r-patched-linux-x86_64, r-patched-solaris-x86, r-release-linux-x86_64

Version: 1.4.2
Check: whether package can be installed
Result: ERROR
    Installation failed.
    See for details.
    *
Flavor: r-oldrel-windows-ix86+x86_64